{"id":720,"date":"2024-02-15T13:19:24","date_gmt":"2024-02-15T13:19:24","guid":{"rendered":"https:\/\/hhogas.rs\/?page_id=720"},"modified":"2024-03-13T17:52:15","modified_gmt":"2024-03-13T17:52:15","slug":"usluga-dekarbonizacija-motora","status":"publish","type":"page","link":"https:\/\/hhogas.rs\/index.php\/usluga-dekarbonizacija-motora\/","title":{"rendered":"Usluga Dekarbonizacija Motora"},"content":{"rendered":"<p>[et_pb_section fb_built=&#8220;1&#8243; _builder_version=&#8220;4.24.0&#8243; _module_preset=&#8220;default&#8220; global_colors_info=&#8220;{}&#8220;][et_pb_row column_structure=&#8220;3_5,2_5&#8243; _builder_version=&#8220;4.24.0&#8243; _module_preset=&#8220;default&#8220; global_colors_info=&#8220;{}&#8220;][et_pb_column type=&#8220;3_5&#8243; _builder_version=&#8220;4.24.0&#8243; _module_preset=&#8220;default&#8220; global_colors_info=&#8220;{}&#8220;][et_pb_text _builder_version=&#8220;4.24.0&#8243; _module_preset=&#8220;default&#8220; hover_enabled=&#8220;0&#8243; global_colors_info=&#8220;{}&#8220; sticky_enabled=&#8220;0&#8243;]<\/p>\n<h2 style=\"text-align: left;\"><span style=\"font-weight: 400;\">Dekarbonizacija motora vodonikom\u00a0<\/span><\/h2>\n<p><span style=\"font-weight: 400;\"><\/span><\/p>\n<p>POZOVITE I ZAKA\u017dITE USLUGU \u010cI\u0106ENJA MOTORA VODONIKOM<\/p>\n<h3><strong>063 777 02663<\/strong><span style=\"font-weight: 400;\"><\/span><\/h3>\n<p><span style=\"font-weight: 400;\">Dekarbonizacija je usluga \u010di\u0161\u0107enja motora vodonikom.<br \/>Posle dekarbonizacije:<br \/>&#8211; Motor bolje radi<br \/>&#8211; \u0160tetni izduvni gasovi smanjeni do 90%<br \/>&#8211; Smanjenje potro\u0161nje goriva do 10%<br \/>&#8211; \u010cisti se unutra\u0161nji deo motora<br \/>&#8211; \u0106isti se kompresioni prostor i cilindru<\/span><\/p>\n<p>[\/et_pb_text][\/et_pb_column][et_pb_column type=&#8220;2_5&#8243; _builder_version=&#8220;4.24.0&#8243; _module_preset=&#8220;default&#8220; global_colors_info=&#8220;{}&#8220;][et_pb_video src=&#8220;https:\/\/hhogas.rs\/wp-content\/uploads\/2024\/02\/Dobar1.mp4&#8243; _builder_version=&#8220;4.24.0&#8243; _module_preset=&#8220;default&#8220; global_colors_info=&#8220;{}&#8220;][\/et_pb_video][\/et_pb_column][\/et_pb_row][\/et_pb_section][et_pb_section fb_built=&#8220;1&#8243; _builder_version=&#8220;4.24.0&#8243; _module_preset=&#8220;default&#8220; global_colors_info=&#8220;{}&#8220; custom_padding=&#8220;2px|||||&#8220;][et_pb_row column_structure=&#8220;3_5,2_5&#8243; _builder_version=&#8220;4.24.0&#8243; _module_preset=&#8220;default&#8220; global_colors_info=&#8220;{}&#8220;][et_pb_column type=&#8220;3_5&#8243; _builder_version=&#8220;4.24.0&#8243; _module_preset=&#8220;default&#8220; global_colors_info=&#8220;{}&#8220;][et_pb_text _builder_version=&#8220;4.24.0&#8243; _module_preset=&#8220;default&#8220; hover_enabled=&#8220;0&#8243; global_colors_info=&#8220;{}&#8220; sticky_enabled=&#8220;0&#8243;]<\/p>\n<div class=\"et_pb_toggle_content clearfix\">\n<p><span>Dekarbonizacija se vr\u0161i sa 7 do 8 puta ve\u0107om koli\u010dinom (HHO) gasa, u odnosu na koli\u010dinu gasa koja je propisana kada se vodonik generator ugra\u0111uje u motorna vozila.<\/span><\/p>\n<p><span>Ako je za ugradnju vodonika potreban odnos zapremine motora i koli\u010dine gasa u odnosu od 30 litara (HHO) gasa na \u010das na svakih 1000cm3 zapremine motora, to zna\u010di da je za dekarbonizaciju potrebno od 200 do 240 litara (HHO) gasa na \u010das, na svakih 1000cm3 zapremine motora.<\/span><\/p>\n<p><span>To zna\u010di da je za ispravnu uslugu dekarbonizacije motora zapremine 2000cm3, potrebno od 400 do 480 litara (HHO) gasa na \u010das.<\/span><\/p>\n<\/div>\n<p>[\/et_pb_text][\/et_pb_column][et_pb_column type=&#8220;2_5&#8243; _builder_version=&#8220;4.24.0&#8243; _module_preset=&#8220;default&#8220; global_colors_info=&#8220;{}&#8220;][et_pb_video src=&#8220;https:\/\/hhogas.rs\/wp-content\/uploads\/2024\/02\/HG1200.Sajam_.mp4&#8243; _builder_version=&#8220;4.24.0&#8243; _module_preset=&#8220;default&#8220; global_colors_info=&#8220;{}&#8220;][\/et_pb_video][\/et_pb_column][\/et_pb_row][\/et_pb_section]<\/p>\n","protected":false},"excerpt":{"rendered":"<p>Dekarbonizacija motora vodonikom\u00a0 POZOVITE I ZAKA\u017dITE USLUGU \u010cI\u0106ENJA MOTORA VODONIKOM 063 777 02663 Dekarbonizacija je usluga \u010di\u0161\u0107enja motora vodonikom.Posle dekarbonizacije:- Motor bolje radi- \u0160tetni izduvni gasovi smanjeni do 90%- Smanjenje potro\u0161nje goriva do 10%- \u010cisti se unutra\u0161nji deo motora- \u0106isti se kompresioni prostor i cilindru Dekarbonizacija se vr\u0161i sa 7 do 8 puta ve\u0107om koli\u010dinom [&hellip;]<\/p>\n","protected":false},"author":1,"featured_media":0,"parent":0,"menu_order":0,"comment_status":"closed","ping_status":"closed","template":"","meta":{"_et_pb_use_builder":"on","_et_pb_old_content":"","_et_gb_content_width":"","footnotes":""},"class_list":["post-720","page","type-page","status-publish","hentry"],"_links":{"self":[{"href":"https:\/\/hhogas.rs\/index.php\/wp-json\/wp\/v2\/pages\/720","targetHints":{"allow":["GET"]}}],"collection":[{"href":"https:\/\/hhogas.rs\/index.php\/wp-json\/wp\/v2\/pages"}],"about":[{"href":"https:\/\/hhogas.rs\/index.php\/wp-json\/wp\/v2\/types\/page"}],"author":[{"embeddable":true,"href":"https:\/\/hhogas.rs\/index.php\/wp-json\/wp\/v2\/users\/1"}],"replies":[{"embeddable":true,"href":"https:\/\/hhogas.rs\/index.php\/wp-json\/wp\/v2\/comments?post=720"}],"version-history":[{"count":12,"href":"https:\/\/hhogas.rs\/index.php\/wp-json\/wp\/v2\/pages\/720\/revisions"}],"predecessor-version":[{"id":1039,"href":"https:\/\/hhogas.rs\/index.php\/wp-json\/wp\/v2\/pages\/720\/revisions\/1039"}],"wp:attachment":[{"href":"https:\/\/hhogas.rs\/index.php\/wp-json\/wp\/v2\/media?parent=720"}],"curies":[{"name":"wp","href":"https:\/\/api.w.org\/{rel}","templated":true}]}}